o) = -5*o**2 - 403*o + 3548. Give s(-84).
2120
Let s(h) = -h**3 - 114*h**2 - 321*h + 31. Determine s(-3).
-5
Let k(d) = -5*d**3 - 27*d**2 + 153*d - 199. Determine k(2).
-41
Let j(u) = 3*u**2 + 360*u - 31745. Calculate j(59).
-62
Let v(x) = 1114*x**2 - 134786*x - 960. What is v(121)?
8
Let x(h) = h**2 + 3324*h + 2490813. Determine x(-1141).
10
Let h(s) = -5*s**2 - 398*s + 516. Calculate h(-82).
-468
Let z(x) = -315*x - 5308. Calculate z(-18).
362
Let n(j) = -188*j**2 - 186*j + 1. What is n(-1)?
-1
Let s(c) = -11983*c - 719025. What is s(-60)?
-45
Let y(j) = 163*j**2 - 645*j - 24. What is y(4)?
4
Let x(u) = 5*u**2 - 1089*u - 5493. Calculate x(-5).
77
Let t(b) = b**3 - 232*b**2 + 8966*b + 48. Calculate t(183).
-135
Let i(n) = 9*n**2 + 525*n + 4643. Give i(-48).
179
Let o(h) = 7*h**2 + 363*h - 9. Calculate o(0).
-9
Let q(o) = -2*o**3 + 45*o**2 + 1138*o - 23. Give q(-18).
5737
Let o(h) = 2*h**3 - 301*h**2 - 123*h - 3585. What is o(151)?
643
Let f(c) = 2*c**3 - 27*c**2 - 20*c - 251. What is f(12)?
-923
Let y(l) = -419*l**2 - 4127*l + 523. What is y(-10)?
-107
Let y(k) = -3*k**3 + 658*k**2 + 15663*k + 462. What is y(241)?
-20
Let m(w) = -w**3 - 44*w**2 - 52*w + 204. What is m(-45)?
4569
Let m(u) = -6306*u - 56707. What is m(-9)?
47
Let h(v) = 291*v + 2484. Determine h(-4).
1320
Let u(h) = 3*h**3 + 11*h**2 - 503*h + 119. Determine u(11).
-90
Let p(k) = 56*k**2 + 273*k + 17. What is p(-7)?
850
Let c(l) = l**2 - 475*l + 14596. What is c(33)?
10
Let g(j) = -12*j**3 - 19*j + 108. Determine g(4).
-736
Let m(i) = i**3 + 2706*i**2 + 5610*i + 395. Calculate m(-2).
-9
Let i(j) = 28*j**2 - 181*j - 752. Determine i(10).
238
Let j(a) = -a**3 - 72*a**2 + 3075*a - 461. Determine j(30).
-11
Let s(h) = 2*h**3 + 1281*h**2 - 11688*h - 63. Give s(9).
-36
Let r(p) = 55280*p**2 + 25*p - 3. Give r(0).
-3
Let m(u) = 447*u**3 - 11*u**2 - 9*u + 8. Calculate m(1).
435
Let h(x) = 79*x**2 - 348*x + 1899. What is h(7)?
3334
Let i(w) = 8*w**3 - 3*w**2 - 5*w + 358. Determine i(0).
358
Let n(w) = 1350*w - 658794. Determine n(488).
6
Let p(g) = g**2 - 321*g - 20. Give p(0).
-20
Let n(c) = 16*c**2 + 477*c + 227. What is n(-32)?
1347
Let t(z) = -z**3 - 69*z**2 + 99*z - 8579. Give t(-72).
-155
Let u(t) = 122*t**2 + 2809*t + 65. Calculate u(-23).
-4
Let t(g) = 781*g - 149191. Give t(191).
-20
Let g(x) = 1466*x**2 + 322515*x - 1127. Give g(-220).
-27
Let h(f) = 197*f + 607. Calculate h(8).
2183
Let n(z) = -z**2 + 998870*z - 14982828. What is n(15)?
-3
Let o(j) = -335*j**3 - 19096*j**2 - 56*j + 53. What is o(-57)?
-4
Let x(o) = 2730*o**2 + 43676*o - 68. Determine x(-16).
-4
Let k(n) = 8*n**2 + 2870*n - 27256. What is k(-368)?
-24
Let t(o) = 1081*o + 24974. Calculate t(-23).
111
Let a(y) = -y**3 - 251*y**2 - 2157*y + 5081. Give a(-242).
-1
Let j(w) = 4*w**2 - 499*w - 6059. Determine j(136).
61
Let x(y) = 1277*y**2 + 21855*y - 3. What is x(-17)?
-2485
Let t(b) = -39994*b + 120013. Calculate t(3).
31
Let u(z) = -z**2 - 827*z - 720. Calculate u(0).
-720
Let t(n) = -n**2 - 27*n + 161. What is t(-33)?
-37
Let q(u) = -u**3 + 46*u**2 - 949*u + 53706. Determine q(49).
2
Let o(z) = 71*z - 1032. Determine o(-36).
-3588
Let l(y) = -7735*y + 7741. Give l(1).
6
Let z(o) = -3*o**3 - 3505*o**2 - 1468*o - 350354. Give z(-1168).
46
Let j(s) = -3858*s + 35070. What is j(9)?
348
Let j(k) = k**2 + 630*k - 266806. Give j(-920).
-6
Let s(o) = 16*o**2 + 680*o + 1935. Calculate s(-3).
39
Let h(m) = 3*m**3 - 6*m**2 - 134*m + 559. Determine h(4).
119
Let j(i) = -6916*i - 629359. What is j(-91)?
-3
Let u(k) = 92517*k + 832657. Calculate u(-9).
4
Let z(d) = 105*d + 11267. What is z(-147)?
-4168
Let i(k) = k**2 - 1010*k + 15235. Give i(15).
310
Let p(m) = -261*m + 1309. Calculate p(7).
-518
Let n(b) = -180752*b + 7410830. What is n(41)?
-2
Let a(t) = -4*t**3 - 25*t**2 - 58*t - 143. What is a(-4)?
-55
Let p(q) = q**2 + 605137*q + 1815395. Calculate p(-3).
-7
Let i(g) = 2*g**3 - 243*g**2 - 1747*g + 109011. Calculate i(125).
11
Let g(k) = -2*k**2 + 4502*k + 49750. What is g(-11)?
-14
Let b(h) = -33*h - 4495. What is b(-125)?
-370
Let o(x) = 10*x**3 - 4*x**2 - 4*x + 50. Give o(3).
272
Let u(o) = 2409*o - 14494. Calculate u(6).
-40
Let u(j) = 2*j**3 + 735*j**2 + 973*j - 45759. Determine u(-366).
-9
Let a(v) = -866*v + 3426. Determine a(4).
-38
Let q(y) = -8*y**2 + 1020*y + 42366. Give q(-33).
-6
Let x(b) = -59*b**2 - 720*b - 54. Calculate x(-12).
90
Let a(k) = -5*k**2 - 1490*k - 16246. Give a(-11).
-461
Let m(y) = -2*y**3 + 208*y**2 + 290*y - 8437. Calculate m(105).
-37
Let l(s) = 544*s + 43777. Determine l(-81).
-287
Let a(s) = -165*s**3 - 2*s**2 + 20*s - 41. What is a(2)?
-1329
Let h(x) = -x**3 + 543*x**2 + 6*x - 3266. Give h(543).
-8
Let j(r) = -11549*r - 1004785. Give j(-87).
-22
Let g(f) = 93*f**2 + 10735*f + 15173. Determine g(-114).
11
Let j(l) = -814*l**2 + 9004*l - 436. Calculate j(11).
114
Let l(z) = -374586*z - 3371278. Calculate l(-9).
-4
Let d(u) = 2*u**2 - 68433*u + 615731. Give d(9).
-4
Let c(j) = 65440*j - 261763. Calculate c(4).
-3
Let m(o) = 113457*o + 453840. What is m(-4)?
12
Let a(b) = b**3 - 657*b**2 + 81848*b - 8818. Determine a(490).
2
Let n(y) = -514457*y - 15433710. Determine n(-30).
0
Let p(c) = 2851*c - 9081. Give p(3).
-528
Let s(a) = 8*a**2 + 138*a - 6509. Determine s(-39).
277
Let v(u) = -u**2 + 506*u + 2535. Give v(-5).
-20
Let y(h) = 20*h**2 - 2827*h + 789. Determine y(141).
-198
Let y(o) = -3102*o - 3270. Calculate y(-1).
-168
Let g(b) = b**3 - 41*b**2 - 110*b - 3195. Give g(45).
-45
Let f(l) = l**2 + 100*l - 1702. What is f(-119)?
559
Let p(i) = -489*i - 19086. Calculate p(-39).
-15
Let j(d) = d**2 - 136*d - 48488. Determine j(-164).
712
Let x(n) = -n**3 - 156*n**2 - 2482*n + 249. Calculate x(-138).
-27
Let t(v) = v**3 - 110*v**2 - 5009*v - 48689. Determine t(-18).
1
Let c(u) = -u**2 + 159*u - 7656. What is c(91)?
-1468
Let a(j) = -2*j**3 - 38430*j**2 - 230505*j + 23. Calculate a(-6).
5
Let j(m) = -76*m**2 + 78193*m + 11304. Calculate j(1029).
-15
Let g(p) = -p**3 - 81*p**2 + 421*p - 959. Give g(-86).
-185
Let y(h) = h**2 - 1397*h + 487900. What is y(703)?
18
Let d(l) = 4074*l - 158574. Give d(39).
312
Let h(p) = -608*p - 76449. Give h(-126).
159
Let z(b) = -30632*b - 9036419. What is z(-295)?
21
Let f(q) = 1322*q - 774744. Calculate f(586).
-52
Let h(k) = 2642*k - 375118. Calculate h(142).
46
Let t(j) = 110*j + 7366. Calculate t(-65).
216
Let i(q) = -q**2 - 1016*q - 8162. Determine i(-8).
-98
Let i(m) = -m**2 - 1218*m + 2440. Calculate i(2).
0
Let d(v) = 3*v**3 - 64*v**2 + 80*v - 1267. What is d(21)?
-28
Let i(d) = 21*d**3 + 5*d**2 + 217*d + 631. Give i(-3).
-542
Let a(n) = -4*n**3 + 40*n**2 - 3*n + 114. Calculate a(11).
-403
Let k(b) = 35*b**2 - 1046*b + 7. Determine k(30).
127
Let a(c) = -3*c**3 + 23*c**2 + 113*c + 27. What is a(-4)?
135
Let y(n) = -2*n**3 + 403*n**2 - 18084*n - 774. Determine y(134).
30
Let j(o) = -115*o + 19265. What is j(168)?
-55
Let h(f) = -26*f**3 + 144*f**2 - 13*f + 68. What is h(5)?
353
Let z(y) = -10290*y - 7604298. Determine z(-739).
12
Let m(v) = 14*v**3 - 882*v**2 + 9*v - 408. What is m(63)?
159
Let h(y) = -19*y**2 - 1529*y + 7613. What is h(5)?
-507
Let j(s) = -s**3 + 12*s**2 + 212*s - 1510. What is j(19)?
-9
Let k(f) = -8*f**2 - 6470*f - 64653. What is k(-10)?
-753
Let w(r) = -r**2 - 7*r + 36656. What is w(-195)?
-4
Let x(s) = -12*s**2 - 376*s - 160. Determine x(-31).
-36
Let t(l) = l**2 + 110*l + 1344. What is t(-13)?
83
Let s(t) = -4*t**3 + 8*t**2 - 49*t + 319. What is s(5)?
-226
Let m(q) = -3*q**3 + 3*q**2 + 352*q - 2091. What is m(6)?
-519
Let b(g) = -674*g - 150975. Determine b(-224).
1
Let r(b) = 4042*b - 190006. Calculate r(47).
-32
Let k(q) = -q**3 + 70*q**2 - 1148*q + 86554. Determine k(71).
5
Let j(v) = 2262*v + 83766. Give j(-37).
72
Let g(a) = 1557*a + 24836. Calculate g(-16).
-76
Let r(u) = u**3 - 268*u**2 + 795*u + 94. Give r(265).
94
Let i(f) = -15*f**3 + 7*f**2 + 10*f + 40. What is i(-4)?
1072
Let n(h) = -48955*h - 97780. Calculate n(-2).
130
Let j(l) = -42694*l + 3073963. Give j(72).
-5
Let v(y) = 3604*y - 21510. Calculate v(6).
114
Let i(f) = -f**2 + 1808*f - 60320. Give i(34).
-4
Let w(i) = 25*i**3 + 3*i**2 - 107*i + 106. Give w(1).
27
Let k(s) = 685*s - 191507. Calculate k(279).
-392
Let j(a) = -a**3 - 18*a**2 - 62*a + 29. Determin